9
What are the prime factors of 1506455?
5, 17, 37, 479
What are the prime factors of 317901?
3, 105967
What are the prime factors of 370421?
370421
What are the prime factors of 211737?
3, 163, 433
List the prime factors of 5929473.
3, 11, 47, 3823
What are the prime factors of 298087?
298087
List the prime factors of 2142712.
2, 11, 13, 1873
What are the prime factors of 13892142?
2, 3, 11, 210487
What are the prime factors of 62430?
2, 3, 5, 2081
What are the prime factors of 269463?
3, 89821
What are the prime factors of 1327814?
2, 663907
List the prime factors of 10801384.
2, 11, 122743
List the prime factors of 2054047.
2054047
What are the prime factors of 267715?
5, 7, 7649
List the prime factors of 1156072.
2, 23, 61, 103
What are the prime factors of 416389?
416389
List the prime factors of 1935268.
2, 31, 15607
What are the prime factors of 1653930?
2, 3, 5, 17, 23, 47
List the prime factors of 163465.
5, 32693
List the prime factors of 17388067.
59, 191, 1543
List the prime factors of 3985984.
2, 61, 1021
What are the prime factors of 1245?
3, 5, 83
What are the prime factors of 1887118?
2, 19, 53, 937
What are the prime factors of 1378079?
97, 14207
What are the prime factors of 196055?
5, 113, 347
List the prime factors of 1256370.
2, 3, 5, 41879
List the prime factors of 259124.
2, 64781
List the prime factors of 3826248.
2, 3, 131, 1217
What are the prime factors of 484253?
7, 11, 19, 331
What are the prime factors of 172215?
3, 5, 43, 89
What are the prime factors of 7173103?
7, 1024729
List the prime factors of 1061163.
3, 157, 751
What are the prime factors of 278435?
5, 233, 239
List the prime factors of 4197560.
2, 5, 101, 1039
List the prime factors of 53692.
2, 31, 433
What are the prime factors of 300122?
2, 150061
List the prime factors of 773194.
2, 17, 22741
List the prime factors of 622159.
622159
List the prime factors of 8681191.
8681191
What are the prime factors of 8594098?
2, 1861, 2309
What are the prime factors of 1302064?
2, 17, 4787
What are the prime factors of 185529?
3, 61843
What are the prime factors of 2425447?
2425447
List the prime factors of 2109508.
2, 527377
What are the prime factors of 1226842?
2, 613421
What are the prime factors of 2651213?
31, 85523
What are the prime factors of 130586?
2, 65293
What are the prime factors of 51910?
2, 5, 29, 179
List the prime factors of 5420144.
2, 17, 19927
List the prime factors of 2009182.
2, 7, 143513
What are the prime factors of 1310696?
2, 19, 8623
What are the prime factors of 381833?
41, 67, 139
List the prime factors of 1792025.
5, 43, 1667
List the prime factors of 403911.
3, 44879
What are the prime factors of 266050?
2, 5, 17, 313
What are the prime factors of 328825?
5, 7, 1879
What are the prime factors of 5067362?
2, 2533681
List the prime factors of 20308889.
2389, 8501
What are the prime factors of 3795984?
2, 3, 29, 101
List the prime factors of 554667.
3, 19, 37, 263
List the prime factors of 937115.
5, 187423
What are the prime factors of 256648?
2, 7, 4583
What are the prime factors of 4179554?
2, 233, 8969
What are the prime factors of 414098?
2, 31, 6679
What are the prime factors of 1608418?
2, 7, 131, 877
List the prime factors of 608254.
2, 304127
What are the prime factors of 317990?
2, 5, 31799
What are the prime factors of 295834?
2, 7, 11, 17, 113
What are the prime factors of 4769249?
1993, 2393
What are the prime factors of 389961?
3, 11, 13, 101
List the prime factors of 698445.
3, 5, 11, 17, 83
List the prime factors of 737856.
2, 3, 7, 61
List the prime factors of 4405142.
2, 7, 17, 83, 223
List the prime factors of 1485929.
1087, 1367
List the prime factors of 8108626.
2, 17, 71, 3359
What are the prime factors of 2761677?
3, 306853
List the prime factors of 301630.
2, 5, 7, 31, 139
What are the prime factors of 189578?
2, 94789
What are the prime factors of 335087?
17, 23, 857
What are the prime factors of 463177?
11, 13, 41, 79
List the prime factors of 752028.
2, 3, 29, 2161
What are the prime factors of 680084?
2, 170021
List the prime factors of 3405585.
3, 5, 89, 2551
What are the prime factors of 8523675?
3, 5, 43, 881
List the prime factors of 699329.
17, 31, 1327
What are the prime factors of 237398?
2, 7, 31, 547
What are the prime factors of 760802?
2, 7, 31, 1753
List the prime factors of 217975.
5, 8719
What are the prime factors of 607435?
5, 121487
What are the prime factors of 8237?
8237
List the prime factors of 18050036.
2, 823, 5483
List the prime factors of 357253.
13, 27481
List the prime factors of 9041.
9041
What are the prime factors of 307177?
13, 23629
What are the prime factors of 255302?
2, 107, 1193
List the prime factors of 23305830.
2, 3, 5, 776861
What are the prime factors of 1406396?
2, 351599
List the prime factors of 259583.
259583
What are the prime factors of 2454685?
5, 490937
What are the prime factors of 420975?
3, 5, 1871
What are the prime factors of 1253622?
2, 3, 43, 113
List the prime factors of 383139.
3, 42571
List the prime factors of 1115548.
2, 7, 39841
What are the prime factors of 4418884?
2, 751, 1471
List the prime factors of 473951.
473951
What are the prime factors of 245939?
17, 23, 37
List the prime factors of 30858097.
30858097
What are the prime factors of 7469233?
31, 240943
List the prime factors of 12595295.
5, 47, 53597
What are the prime factors of 2071543?
2071543
List the prime factors of 461370.
2, 3, 5, 7, 13
List the prime factors of 7869204.
2, 3, 7, 1487
What are the prime factors of 32442?
2, 3, 5407
What are the prime factors of 1064535?
3, 5, 70969
List the prime factors of 6704529.
3, 13, 353, 487
What are the prime factors of 239062?
2, 23, 5197
What are the prime factors of 786220?
2, 5, 19, 2069
List the prime factors of 4852678.
2, 23, 31, 41, 83
List the prime factors of 9437414.
2, 7, 17, 19, 2087
List the prime factors of 93194.
2, 17, 2741
List the prime factors of 2463473.
2463473
List the prime factors of 14289187.
11, 23, 56479
What are the prime factors of 1022291?
1022291
What are the prime factors of 365504?
2, 5711
List the prime factors of 206817.
3, 13, 5303
What are the prime factors of 284995?
5, 56999
What are the prime factors of 704642?
2, 29, 12149
List the prime factors of 4635037.
11, 211, 1997
List the prime factors of 2799782.
2, 401, 3491
What are the prime factors of 947473?
19, 47, 1061
What are the prime factors of 5431894?
2, 13, 59, 3541
List the prime factors of 13566734.
2, 23, 12823
What are the prime factors of 421018?
2, 13, 16193
List the prime factors of 565791.
3, 113, 1669
What are the prime factors of 14510658?
2, 3, 53, 45631
List the prime factors of 638095.
5, 17, 7507
What are the prime factors of 4780561?
4780561
What are the prime factors of 111710?
2, 5, 11171
List the prime factors of 769677.
3, 173, 1483
What are the prime factors of 98595?
3, 5, 7, 313
What are the prime factors of 1075169?
1075169
List the prime factors of 31784.
2, 29, 137
What are the prime factors of 83755?
5, 7, 2393
List the prime factors of 4274602.
2, 2137301
List the prime factors of 353513.
337, 1049
List the prime factors of 978961.
613, 1597
List the prime factors of 4322843.
7, 313, 1973
What are the prime factors of 1403377?
1403377
What are the prime factors of 1315387?
37, 73, 487
What are the prime factors of 17490462?
2, 3, 11, 265007
What are the prime factors of 1077748?
2, 7, 61, 631
List the prime factors of 19338477.
3, 6446159
What are the prime factors of 108348?
2, 3, 9029
What are the prime factors of 305599?
7, 149, 293
List the prime factors of 23846129.
2441, 9769
What are the prime factors of 57383?
57383
What are the prime factors of 17480330?
2, 5, 7, 29, 79, 109
What are the prime factors of 2886818?
2, 11, 79, 151
What are the prime factors of 121525?
5, 4861
What are the prime factors of 1048074?
2, 3, 174679
What are the prime factors of 13080696?
2, 3, 545029
What are the prime factors of 169877?
257, 661
What are the prime factors of 2520548?
2, 31, 20327
List the prime factors of 10798712.
2, 179, 7541
What are the prime factors of 177938?
2, 88969
List the prime factors of 3450279.
3, 7, 164299
List the prime factors of 396976.
2, 43, 577
List the prime factors of 1245869.
29, 429